{"id":4,"date":"2022-02-23T19:55:24","date_gmt":"2022-02-23T18:55:24","guid":{"rendered":"https:\/\/sintec-mw.de\/?page_id=4"},"modified":"2024-04-12T11:20:31","modified_gmt":"2024-04-12T09:20:31","slug":"datenschutzerklaerung","status":"publish","type":"page","link":"https:\/\/sintec-mw.de\/?page_id=4","title":{"rendered":"Datenschutzerkl\u00e4rung"},"content":{"rendered":"\n<h2 class=\"wp-block-heading\">Eingebettete Inhalte von anderen Websites<\/h2>\n\n\n\n<p>Beitr\u00e4ge auf dieser Website k\u00f6nnen eingebettete Inhalte beinhalten (z.\u00a0B. Videos, Bilder, Beitr\u00e4ge etc.). Eingebettete Inhalte von anderen Websites verhalten sich exakt so, als ob der Besucher die andere Website besucht h\u00e4tte.<\/p>\n\n\n\n<p>Diese Websites k\u00f6nnen Daten \u00fcber dich sammeln, Cookies benutzen, zus\u00e4tzliche Tracking-Dienste von Dritten einbetten und deine Interaktion mit diesem eingebetteten Inhalt aufzeichnen, inklusive deiner Interaktion mit dem eingebetteten Inhalt, falls du ein Konto hast und auf dieser Website angemeldet bist.<\/p>\n\n\n\n<h3 class=\"wp-block-heading\">Webseite<\/h3>\n\n\n\n<h3 class=\"wp-block-heading\">Personenbezogene Daten im Gesch\u00e4ftsverkehr<\/h3>\n\n\n\n<p>Sollten Sie und SINTEC Microwave Systems GmbH eine Gesch\u00e4ftsbeziehung aufbauen oder anbahnen, so werden folgende Daten von Ihnen speichern und verarbeiten, die zur Erf\u00fcllung des Gesch\u00e4ftsprozesses notwendig sind:<\/p>\n\n\n\n<p>Name und ggf. Vorname<br>Anschrift (inkl. Stra\u00dfe, Hausnummer, ggf. Postfach, PLZ, Ort, Land)<br>Ihren Firmennamen (soweit zutreffend)<br>Datum und Uhrzeit von elektronischer Post (Email) (Hier k\u00f6nnen nach dem Stand der Technik auch weitere Meta-Daten, sogenannte Header-Daten, die im Rahmen der \u00dcbermittlung der Email entstehen, gespeichert werden. Dies ist ein \u00fcblicher Vorgang.)<br>Den Inhalt der Korrespondenz<br>Weitere Identifikationsmerkmale, wie Ihre Steuernummer, soweit gesetzlich vorgegeben oder f\u00fcr den Gesch\u00e4ftsprozess notwendig.<\/p>\n\n\n\n<p>Rechtsgrundlage der Verarbeitung personenbezogener Daten ist Artikel 6 Datenschutzgrundverordnung.<\/p>\n\n\n\n<h3 class=\"wp-block-heading\">Betroffenenrechte<\/h3>\n\n\n\n<p>Gem\u00e4\u00df Art. 15 und 20 DSGVO haben Sie das Recht auf Auskunft \u00fcber die \u00fcber Sie gespeicherten personenbezogenen Daten. Bzgl. der Form k\u00f6nnen Sie ein maschinenlesbares Format verlangen. Wenn Sie ein Auskunftsersuchen haben. treten Sie mit uns in Kontakt.<\/p>\n\n\n\n<p>Gem\u00e4\u00df Art. 16 und 17 haben Sie weiterhin das Recht auf L\u00f6schung und\/oder Berichtigung von personenbezogenen Daten. Soweit diese nicht im Rahmen von gesetzlichen Auflagen zum Vorhalten (z.B. gegen\u00fcber dem Finanzamt) von mir vorgehalten werden m\u00fcssen, k\u00f6nnen Sie gerne uns mit Ihrem Anliegen kontaktieren.<\/p>\n\n\n\n<p>Wenn die Voraussetzungen von Artikel 18 Datenschutzgrundverordnung vorliegen, haben Sie au\u00dferdem das Recht, von uns die Einschr\u00e4nkung der Verarbeitung der personenbezogenen Daten zu verlangen.<\/p>\n\n\n\n<p>Sie k\u00f6nnen sich bei einer Aufsichtsbeh\u00f6rde beschweren.<\/p>\n\n\n\n<h3 class=\"wp-block-heading\">Widerruf einer vorherigen Einwilligung<\/h3>\n\n\n\n<p>Sie haben das Recht, Ihre zuvor getroffene Einwilligung zur einer Verarbeitung personenbezogener Daten jederzeit zu widerrufen. Dazu kontaktieren sie bitte uns.<\/p>\n\n\n\n<h3 class=\"wp-block-heading\">\u00c4nderung und Aktualit\u00e4t dieser Datenschutzerkl\u00e4rung<\/h3>\n\n\n\n<p>Diese Datenschutzerkl\u00e4rung vom 23.02.2022 ist g\u00fcltig. Sollte es notwendig sein, werden wir die Erkl\u00e4rung \u00e4ndern und hier die aktuelle Version anzeigen.<\/p>\n","protected":false},"excerpt":{"rendered":"<p>Eingebettete Inhalte von anderen Websites Beitr\u00e4ge auf dieser Website k\u00f6nnen eingebettete Inhalte beinhalten (z.\u00a0B. Videos, Bilder, Beitr\u00e4ge etc.). Eingebettete Inhalte von anderen Websites verhalten sich exakt so, als ob der &#8230;<\/p>\n","protected":false},"author":2,"featured_media":0,"parent":0,"menu_order":0,"comment_status":"closed","ping_status":"closed","template":"","meta":{"footnotes":""},"class_list":["post-4","page","type-page","status-publish","hentry"],"_links":{"self":[{"href":"https:\/\/sintec-mw.de\/index.php?rest_route=\/wp\/v2\/pages\/4","targetHints":{"allow":["GET"]}}],"collection":[{"href":"https:\/\/sintec-mw.de\/index.php?rest_route=\/wp\/v2\/pages"}],"about":[{"href":"https:\/\/sintec-mw.de\/index.php?rest_route=\/wp\/v2\/types\/page"}],"author":[{"embeddable":true,"href":"https:\/\/sintec-mw.de\/index.php?rest_route=\/wp\/v2\/users\/2"}],"replies":[{"embeddable":true,"href":"https:\/\/sintec-mw.de\/index.php?rest_route=%2Fwp%2Fv2%2Fcomments&post=4"}],"version-history":[{"count":1,"href":"https:\/\/sintec-mw.de\/index.php?rest_route=\/wp\/v2\/pages\/4\/revisions"}],"predecessor-version":[{"id":24,"href":"https:\/\/sintec-mw.de\/index.php?rest_route=\/wp\/v2\/pages\/4\/revisions\/24"}],"wp:attachment":[{"href":"https:\/\/sintec-mw.de\/index.php?rest_route=%2Fwp%2Fv2%2Fmedia&parent=4"}],"curies":[{"name":"wp","href":"https:\/\/api.w.org\/{rel}","templated":true}]}}